145. What is the greatest common divisor of m and 49?
49
Suppose 4*c = 315 + 165. Let a be ((-2)/(-4))/(((-2)/(-40))/(804/536)). Calculate the highest common divisor of a and c.
15
Suppose -12 = -264*v + 260*v. Suppose -2*g + 2*x = -26, g - 4*x = v*g - 44. Calculate the greatest common factor of g and 160.
16
Suppose 0 = 4*t - 4*r + 704, -4*t - 3*r - 29 - 640 = 0. Suppose 1144 = 2*n + 2*n. Let i = t + n. Calculate the highest common divisor of i and 23.
23
Suppose 3*g - 41 = -26, -4*r + 185 = -3*g. What is the highest common divisor of r and 650?
50
Suppose -4*q - 8 = 2*m, 39*m = 43*m + 2*q - 8. Suppose 11*u - 6*u + 3*r - 239 = 0, 4*r - 242 = -5*u. What is the highest common divisor of m and u?
2
Let y be (10/(-45) - (-9860)/225)/(4/170). What is the greatest common factor of 327 and y?
109
Let x(s) = s**2 - 6*s + 18. Let k be x(6). Suppose -13*p = -1473 - 2505. What is the highest common divisor of k and p?
18
Let s(o) = -11*o + 286. Let t be s(-10). Let a = -736 - -754. Calculate the greatest common factor of t and a.
18
Let a be (-1116)/(-84) - (-4)/(-14). Let s be 1366*(-45)/(-110) - (-2)/11. What is the highest common factor of a and s?
13
Suppose -139*u + 274890 = -41*u. Calculate the greatest common divisor of 102 and u.
51
Let w be (-4)/(-6)*3*35. Let z be 2 - (4 + 173 + 5). Let o = z - -194. What is the highest common factor of o and w?
14
Let h be (0 - (-12)/8)/(9230/(-840) - -11). Calculate the highest common divisor of h and 336.
42
Let c(p) = 5*p**2 + 86*p + 985. Let f be c(-11). Calculate the greatest common factor of 140 and f.
28
Let p(j) = -2*j**2 - 9*j - 7. Let t be p(-3). Suppose -t*k + 2 = -8. Suppose 39 + 16 = k*u. What is the greatest common divisor of 22 and u?
11
Let o = 1953 - -497. Calculate the greatest common factor of o and 150.
50
Suppose -2*z - 4 = -z, 4*v = -2*z - 236. Let j be 6/v + 5520/95. What is the highest common factor of 145 and j?
29
Let a = 10617 - 10605. Suppose 2*d - 24 = -0*d. What is the highest common factor of a and d?
12
Suppose 5*o + 3*c - 459 = 0, 5*c + 171 = 2*o + 2*c. Let q(v) = -v**3 + 7*v**2 - v. Let k be q(6). What is the highest common divisor of o and k?
30
Suppose 128 = 4*b + 5*w, 64 = 8*b - 6*b - 5*w. What is the highest common factor of b and 9008?
16
Let y = 70 - 24. Suppose 328 + 322 = -3*l + g, 0 = l + 5*g + 238. Let d = l - -241. Calculate the highest common factor of y and d.
23
Let o = -15 + 73. Suppose 1188*g - 691505 = 511*g - 578*g. Calculate the highest common divisor of g and o.
29
Suppose 3*r = 5*g + 451 - 97, 10*r - 4*g = 1218. What is the greatest common divisor of 8241 and r?
123
Let i(d) = 10*d**2 + 68*d + 133. Let w be i(-2). Let x(a) = 27*a - 4. Let f be x(7). What is the greatest common divisor of f and w?
37
Suppose -2*d + 15 = -3*d - o, 3*o = -2*d - 31. Let w be -1 + (d/4)/((-5)/30). Calculate the greatest common factor of 320 and w.
20
Suppose 111 - 99 = 3*d. Let w(c) = c**2 - 1 - 4 - 3*c**2 + 12*c + 0*c**2. Let q be w(d). What is the highest common factor of q and 1?
1
Let t = 3365 - 3042. Calculate the greatest common factor of t and 17.
17
Suppose -63*q + 600256 = 64*q - 14*q. Calculate the greatest common divisor of 64 and q.
64
Let g(s) = s**2 - 6*s + 23. Let d be g(7). Let z be -4*((-373)/2 + -19 + 18). Calculate the highest common factor of z and d.
30
Suppose -646 + 146 = 10*t. Let y be (6/75*5)/(-1)*t. What is the greatest common divisor of 32 and y?
4
Let o(q) = 3*q - 11. Let j be o(4). Let f(v) = -1 - 2*v + 14*v**2 - v - 4 + 6. Let y be f(j). What is the greatest common factor of 60 and y?
12
Suppose 67116 + 28256 - 4803 = 47*u. Calculate the greatest common divisor of 94 and u.
47
Let s = -1339 + 728. Let p = 755 + s. Calculate the greatest common divisor of 48 and p.
48
Suppose -51*r = -11*r + 40*r - 1600. Suppose 5*g - 195 = 905. What is the highest common factor of r and g?
20
Suppose -14*b + 23*b + 81 = 0. Let l(a) = 11*a**2 + 25*a + 126. Let v be l(b). What is the greatest common divisor of 88 and v?
88
Suppose y = -2*o + 3575, -438*o - 8945 = -443*o - y. Calculate the greatest common factor of 110 and o.
10
Let z(r) = 7*r**2 + 721*r + 4358. Let l be z(-6). Calculate the highest common divisor of l and 781.
71
Suppose -105 = -9*w - 87. Suppose 38 = w*m + 2*l - 52, 5*m - 225 = 5*l. Let t = 12 - -18. What is the greatest common factor of m and t?
15
Let t = 182 + 732. Let v = 1144 - t. Calculate the highest common divisor of v and 46.
46
Let b be (24 - 0)*(424/12 - 27). Calculate the greatest common divisor of 325 and b.
25
Let s be -1 + 1 + 2 + 32. Suppose -s = a + 9. Let u = a + 97. Calculate the highest common divisor of u and 18.
18
Let r = 230 - 226. Let m = 49 - 37. Calculate the highest common factor of r and m.
4
Let y(f) = f**3 - 35*f**2 - 17*f + 247. Let u be y(0). Calculate the greatest common factor of 19 and u.
19
Let o be (-10)/6 + 119*8/24. Suppose -2*i + 3*z = 5*z - 2042, i = 2*z + 1009. Let b be i/18 + 2/4. What is the highest common factor of o and b?
19
Let g be (-4)/4*(3 - (47 - 0)). Suppose 16 = -g*f + 48*f. Calculate the highest common factor of f and 8.
4
Let q(i) = -8*i**2 + 118*i - 112. Let z be q(7). Calculate the greatest common factor of z and 4922.
46
Let l = -22 + 22. Suppose 4*n - 4*x - 460 = l, 0*x = -3*n + x + 355. Calculate the highest common factor of 15 and n.
15
Suppose -2*u = 33*o - 31*o - 78, 4*o - 156 = u. Calculate the highest common divisor of 3 and o.
3
Let c = 86 + -48. Let q(j) = 1 + 33*j**2 - 2 - 13*j**2. Let w be q(1). What is the highest common factor of c and w?
19
Suppose -5*a = 4*x - 724, 5*x - 5 + 0 = 0. Let w(j) = -4*j**2 + 516*j - 5589. Let o be w(12). What is the greatest common divisor of o and a?
9
Suppose -3*c - 39 = -3*d - 111, -c = -2*d - 26. Calculate the greatest common factor of 3718 and c.
22
Let i be 8/((-64)/(-93)) + 7 - (-6)/16. What is the highest common factor of i and 10545?
19
Suppose -53*g + 55*g - 802 = -f, 4*f + 1979 = 5*g. Let w(x) = -35*x + 5. Let t be w(-8). Calculate the highest common factor of g and t.
57
Let a be 18/(-6)*-1*4/6. Suppose 4*y - 946 = a*h, 4*y + h - 906 - 25 = 0. Calculate the highest common divisor of 36 and y.
18
Suppose 5*d + 5 = 0, 0*g = 4*g + 3*d - 53. Let c(k) = 2*k**2 + 19*k + 16. Let w be c(-9). Calculate the greatest common divisor of g and w.
7
Let b be 20 + (-24)/15*5/2. Let n be b/(3/((-9)/6 + 3)). Let l = 4 - 3. What is the greatest common factor of n and l?
1
Let l(d) = -d**2 - 27*d + 1487. Let v be l(27). Let q(g) = 8*g**2 + 6*g + 9. Let m be q(-6). What is the highest common divisor of v and m?
29
Let z(r) = 47*r - 4. Let x be z(4). Let f be x/(-20)*(-10)/4. Suppose f = 4*a - 1. What is the greatest common divisor of 48 and a?
6
Let v be (99/6)/((-18)/8 - -3). Suppose -96 = 19*y - 21*y. Let n = y - 37. What is the greatest common factor of v and n?
11
Suppose 5*r - 110 = -5*g, 4*r + g - 84 = -4*g. Suppose 4*a = 15 - 43, -3*m = 5*a - 238. What is the greatest common factor of m and r?
13
Let h = 50 + -42. Let j(k) = -449*k + 447*k - 5*k**3 + 4*k**3 - 6 - h*k**2. Let q be j(-8). What is the highest common factor of 10 and q?
10
Let w be (-1)/((-5)/(-90))*20/(-3) - -8. Calculate the highest common factor of w and 7232.
64
Let k be 20/6*(1584/15)/11. Suppose -k = -n - 3*n. What is the highest common divisor of 14 and n?
2
Let w = -69 - -73. Let l be ((-2)/(-8))/(w/16). Suppose 0 = 4*u + l - 9. What is the highest common factor of u and 2?
2
Suppose -17*t - 25*t = -210. Suppose -3*m - 34 = 4*l - 99, t*m - 151 = 4*l. What is the greatest common factor of m and 63?
9
Suppose -91*b + 3696 + 4487 = 1813. Calculate the greatest common factor of 7630 and b.
70
Suppose 15*v = 12*v + 96. Suppose -4*z - 2*q = -13967 + 5287, -5*q - 10850 = -5*z. Suppose z - 442 = 6*n. Calculate the highest common factor of v and n.
32
Let x = -74 + 194. Suppose 4*p - x = -p. Let q = -18775 - -18781. What is the highest common factor of p and q?
6
Suppose -225 = 416*p - 23937. What is the highest common factor of 9253 and p?
19
Let c = -178 + 347. Let w = c - 147. What is the greatest common divisor of w and 55?
11
Let x(n) = n - 114. Let h be x(26). Let r be 7 - 11 - h - 6. What is the highest common divisor of r and 338?
26
Let u(r) = 98*r + 88. Let v be u(-6). Le